or of 39 and r.
13
Let u(q) = -q**2 + 4*q + 3. Let x be u(-2). Let s = 9 + x. Suppose 0*t - 4*t + 8 = s. Calculate the highest common factor of t and 4.
2
Let t be 20/(2 - -2) + (8 - 3). Calculate the highest common factor of t and 70.
10
Suppose 0*w + 26 = 3*c - 4*w, -4*c - w = -3. Suppose 5*h + c*s = 205 + 202, -3*h - 5*s + 248 = 0. What is the highest common divisor of 54 and h?
27
Let n(i) = -78*i - 100. Let m be n(-5). Calculate the greatest common divisor of m and 10.
10
Suppose 0*m = -2*m + 12. Let r be (12/m)/((-1)/(-25)). Suppose 4*v - r = -t, 9 = -2*v - 3*t + 29. What is the greatest common divisor of 65 and v?
13
Let d = 29 + 20. Let t be ((-4)/3)/((-6)/9). Let k = t - -5. Calculate the highest common factor of k and d.
7
Suppose -s + 13 = -19. Suppose 0 = -5*d - 5, -n + 0*d - 5*d + 11 = 0. Calculate the highest common divisor of n and s.
16
Let z = 245 - 234. Calculate the highest common factor of 803 and z.
11
Suppose 0 = 5*h - 4*h - 2*o - 384, -3*o - 386 = -h. Calculate the highest common divisor of h and 76.
76
Let o = 444 - 407. What is the greatest common divisor of o and 185?
37
Let m be (-2 - -23) + 1/(-1). Let l(v) = 23*v**3 - 2*v**2 + 4*v - 3. Let g be l(1). Suppose 24*j - g*j = 20. What is the highest common factor of j and m?
10
Suppose -4*n + 4*l + 1776 = -2*n, 3 = 3*l. Calculate the greatest common divisor of n and 10.
10
Let q be 21/15 - (-4)/(-10). Let k(o) = 2*o - 1 + q + 5*o + 4 - o**2. Let w be k(6). What is the highest common factor of 110 and w?
10
Suppose 0 = -4*d - 5*b + 625, d + 4*b = -3*d + 628. Let w = 40 + -20. Calculate the greatest common divisor of d and w.
20
Let z(h) = 12*h - 44. Let u be z(4). Suppose 2*r - 67 = -5*a, -75 = -3*r - u*a + 8. What is the greatest common factor of 7 and r?
7
Let v(s) be the second derivative of s**5/20 - 11*s**4/12 + 5*s**3/6 + 23*s**2/2 - 24*s. Let h be v(11). Calculate the greatest common divisor of 26 and h.
26
Suppose -658 - 734 = 4*a. Let f be (a/(-36))/(2/12). Let u = f - 26. Calculate the highest common divisor of 16 and u.
16
Suppose -22*k = -42*k + 240. What is the highest common factor of k and 76?
4
Suppose -259 = -5*t + 2*f + 326, -3*f = 4*t - 468. Let k = 43 + -30. Calculate the highest common factor of t and k.
13
Let i(d) = -7*d - 20. Let z be i(-4). What is the greatest common factor of 428 and z?
4
Let y(q) = 66*q**2 + q - 5. Let s be y(2). Calculate the greatest common factor of 9 and s.
9
Suppose -4*q + 15 = -b - 57, 4*q - 2*b = 76. Calculate the greatest common factor of 2873 and q.
17
Let p be 140/(-30)*(-18)/(-7). Suppose 76 = -j - 3*j. Let a be 16/p*(j + 1). What is the highest common divisor of a and 36?
12
Suppose 2*g + 94 = -w + 34, -5*w - 330 = -5*g. Let x(p) = 5*p**2 - 10*p + 9. Let n be x(6). Let y = w + n. What is the highest common divisor of 26 and y?
13
Let l(j) = -j**3 + 5*j**2 + 5*j - 9. Suppose -17 = -4*q - k, 3*k + 23 + 11 = 5*q. Let i be l(q). Calculate the highest common factor of i and 176.
16
Let w be (-344)/(-56) + 2/(-14). Let i be (-3)/w*88/(-4). Let u = 20 - i. What is the greatest common factor of u and 6?
3
Suppose -u = 3*u - 24. Let x(j) = j**2 - 7*j - 2. Let h be x(8). What is the greatest common divisor of u and h?
6
Suppose -3*n - 14*a + 55 = -16*a, -2*a - 34 = -2*n. What is the greatest common divisor of n and 21?
21
Let l = 371 - 318. Calculate the highest common factor of 212 and l.
53
Let w(b) = 2*b + 22. Let x be w(19). Let d = -19 - -49. What is the greatest common divisor of d and x?
30
Let t(l) = 2*l**2 - 10*l + 12. Suppose 3*x + 5 = 32. Let p be t(x). Suppose -w = 2*w - p. Calculate the greatest common divisor of 42 and w.
14
Suppose -2*z + 6*z - 8 = 0, -m - 4 = -z. Let c(o) = -27*o - 2. Let s be c(m). What is the greatest common divisor of 13 and s?
13
Let y = 12 + -1. Let n = 6415 - 6404. What is the greatest common divisor of n and y?
11
Let b be (-2*3)/(1 + 0). Let z(c) be the first derivative of c**2/2 + 8*c + 65. Let p be z(b). What is the greatest common divisor of p and 8?
2
Suppose 18*r - 7084 = -10*r. Calculate the highest common divisor of r and 46.
23
Let z = -15 + 21. Suppose 4*y + 28 = z*y. What is the greatest common divisor of y and 98?
14
Suppose -3*q = 3*h - 33, 5*h - 24 = 2*q + 31. What is the highest common factor of h and 440?
11
Let y be -2*(-3 + 4)*1. Let s(m) = -14*m + 20. Let x be s(y). Calculate the highest common factor of 6 and x.
6
Suppose 96 = 15*s - 7*s. Suppose -s*o = -16*o + 100. What is the highest common factor of o and 75?
25
Let d = -84 + 144. Let b = d - -210. Calculate the highest common factor of 30 and b.
30
Let r be 8 + 8/(-2) + 88. What is the highest common divisor of r and 874?
46
Suppose 0 = -16*c + 369 + 1935. Calculate the greatest common divisor of c and 96.
48
Let b be (9/6)/((-9)/(-696)). Let p = b + -4. What is the highest common factor of 14 and p?
14
Let w(b) = b**3 - 15*b**2 - 15*b - 7. Let g be w(16). Calculate the greatest common divisor of 648 and g.
9
Suppose -1807 = -23*y + 1229. What is the greatest common factor of y and 36?
12
Suppose -5*f = -3*w - 2820, -3*f + 1711 = 3*w - w. Let s = f - 327. Calculate the greatest common divisor of 48 and s.
48
Suppose -4*i - 68 = -0*i. Let w = -10 - i. Let c be ((-1)/(-2))/((-1)/(-154)). Calculate the highest common divisor of w and c.
7
Suppose 0 = -38*x + 42*x - 220. Let s = x - 47. What is the greatest common factor of 56 and s?
8
Suppose 14*z - 7*z = -175. Let x = 44 + z. What is the greatest common factor of 76 and x?
19
Suppose -5*m = -280 - 155. Let u be ((-102)/10)/(4/(-20)). Let y = m - u. What is the highest common factor of y and 4?
4
Suppose 0 = 40*x + 28*x - 9248. What is the greatest common factor of 40 and x?
8
Suppose 84 = -r - 4*b + 8, 2*b + 10 = 0. Let t = r - -76. What is the highest common factor of 60 and t?
20
Suppose -82 + 19 = 7*w. Let a be 2/1 - (-21 - w). Suppose a = 4*y - 6. What is the greatest common divisor of y and 35?
5
Let o(b) = b**3 - b**2 + 4. Let k be o(0). Suppose 0 = -2*h - 2*l + k*l - 36, -4*l - 28 = h. Let j = -5 - h. Calculate the greatest common factor of 120 and j.
15
Let f = 787 + -566. What is the highest common factor of f and 51?
17
Let q(x) = x + 7. Let m be q(-4). Let w(a) = -3*a + 12. Suppose 25*s = 26*s. Let y be w(s). What is the highest common divisor of y and m?
3
Let r = 1171 - 1047. Calculate the greatest common divisor of 527 and r.
31
Let c be 2/(40/165*3/4). Calculate the greatest common divisor of c and 176.
11
Suppose -2*x + 2*a = -44, -4*x - 3*a + 51 = -51. Let p = 0 + 3. Let o be p - (-59 - (-1 + -1)). Calculate the greatest common factor of o and x.
12
Suppose 14 = -4*r - 6. Let m be 41/r - (-6)/30. Let k = 13 + m. Calculate the highest common divisor of k and 15.
5
Let n be 2 + 11 + 2*-1. Suppose 0 = -2*s - 126 - 36. Let k = s + 114. Calculate the highest common factor of k and n.
11
Let q(y) = -2*y**3 - 6*y**2. Let k be q(-4). Suppose -170*o + 159*o = -44. Calculate the highest common factor of o and k.
4
Let f(h) = 2*h - 15. Let k be f(10). Suppose -k*r - 1 = 4. Let w be r/5 + 501/5. What is the highest common factor of w and 25?
25
Suppose -4*m - 3*l + 92 = 0, 18 = m + 5*l - 3*l. Let u(n) = n**3 + 6*n**2 + 4*n - 3. Let z be u(-4). Calculate the greatest common factor of m and z.
13
Let d = 5 - 22. Let x = d - -37. Suppose -x = -3*z - z. Calculate the highest common divisor of z and 1.
1
Let w be 835/25 + 6/(-15). Suppose -4*o + w + 111 = 0. Suppose -37 - 59 = -4*b. Calculate the highest common divisor of o and b.
12
Let x be 42 + -5 - (-4)/(-4). Let w be (-102)/(-7) + x/(-63). Let i(u) = 3*u**2 + 10*u. Let f be i(-8). What is the highest common factor of w and f?
14
Let m(k) = 14*k**3 - k**2 + k - 1. Let j be m(1). Let u = j + -9. Calculate the highest common factor of u and 20.
4
Let u(k) be the second derivative of k**4/6 + k**2/2 + 7*k. Let s be u(-2). Let o be (-192)/36*s/(-4). Calculate the greatest common factor of 60 and o.
12
Let i = -1135 - -1155. Let k(s) be the third derivative of -s**4/24 + 70*s**3/3 - s**2. Let c be k(0). What is the greatest common factor of i and c?
20
Let x(l) = -l**3 - 2*l**2 + 4*l + 6. Let w = -11 + 7. Let d be x(w). Let v = 123 + -35. What is the greatest common factor of v and d?
22
Let j be 3/6*-4 - -3. 